{"id":213,"date":"2011-08-18T14:39:07","date_gmt":"2011-08-18T12:39:07","guid":{"rendered":"http:\/\/www.multi-net.ch\/?page_id=213"},"modified":"2021-03-04T09:16:23","modified_gmt":"2021-03-04T08:16:23","slug":"drum-machine","status":"publish","type":"page","link":"https:\/\/www.multi-net.ch\/?page_id=213","title":{"rendered":"Drum Machine"},"content":{"rendered":"<p>Drum Machine est une cr\u00e9ation cr\u00e9e \u00e0 la base par&nbsp;<a href=\"http:\/\/www.themaninblue.com\/writing\/perspective\/2008\/11\/17\/\">The Man in Blue<\/a>&nbsp;que j&rsquo;ai modifi\u00e9e afin de la rendre compatible HTML5 et afin de voir les possibilit\u00e9s des fonctions de l&rsquo;HTML5.<\/p>\n<p>Ne fonctionne que avec les navigateurs compatibles HTML5.<\/p>\n<p>&nbsp;<\/p>\n<p><a href=\"https:\/\/www.multi-net.ch\/script\/html5\/DrumMachineMini\/DrumMachineMini.zip\" target=\"_blank\" rel=\"noopener\">T\u00e9l\u00e9charger la source<\/a><\/p>\n<p><a href=\"https:\/\/www.multi-net.ch\/script\/html5\/DrumMachineMini\/\" target=\"_blank\" rel=\"noopener\">D\u00e9monstration<\/a><\/p>\n<!--CusAds0-->\n<div style=\"font-size: 0px; height: 0px; line-height: 0px; margin: 0; padding: 0; clear: both;\"><\/div>","protected":false},"excerpt":{"rendered":"<p>Drum Machine est une cr\u00e9ation cr\u00e9e \u00e0 la base par&nbsp;The Man in Blue&nbsp;que j&rsquo;ai modifi\u00e9e afin de la rendre compatible HTML5 et afin de voir les possibilit\u00e9s des fonctions de l&rsquo;HTML5. Ne fonctionne que avec les navigateurs compatibles HTML5. &nbsp; &hellip; <a href=\"https:\/\/www.multi-net.ch\/?page_id=213\">Continuer la lecture <span class=\"meta-nav\">&rarr;<\/span><\/a><\/p>\n","protected":false},"author":1,"featured_media":0,"parent":0,"menu_order":0,"comment_status":"closed","ping_status":"open","template":"","meta":{"footnotes":""},"class_list":["post-213","page","type-page","status-publish","hentry"],"_links":{"self":[{"href":"https:\/\/www.multi-net.ch\/index.php?rest_route=\/wp\/v2\/pages\/213","targetHints":{"allow":["GET"]}}],"collection":[{"href":"https:\/\/www.multi-net.ch\/index.php?rest_route=\/wp\/v2\/pages"}],"about":[{"href":"https:\/\/www.multi-net.ch\/index.php?rest_route=\/wp\/v2\/types\/page"}],"author":[{"embeddable":true,"href":"https:\/\/www.multi-net.ch\/index.php?rest_route=\/wp\/v2\/users\/1"}],"replies":[{"embeddable":true,"href":"https:\/\/www.multi-net.ch\/index.php?rest_route=%2Fwp%2Fv2%2Fcomments&post=213"}],"version-history":[{"count":8,"href":"https:\/\/www.multi-net.ch\/index.php?rest_route=\/wp\/v2\/pages\/213\/revisions"}],"predecessor-version":[{"id":568,"href":"https:\/\/www.multi-net.ch\/index.php?rest_route=\/wp\/v2\/pages\/213\/revisions\/568"}],"wp:attachment":[{"href":"https:\/\/www.multi-net.ch\/index.php?rest_route=%2Fwp%2Fv2%2Fmedia&parent=213"}],"curies":[{"name":"wp","href":"https:\/\/api.w.org\/{rel}","templated":true}]}}