{"id":529,"date":"2021-03-03T13:57:41","date_gmt":"2021-03-03T11:57:41","guid":{"rendered":"http:\/\/www.multi-net.ch\/?page_id=529"},"modified":"2021-03-03T19:36:24","modified_gmt":"2021-03-03T18:36:24","slug":"space-thruster","status":"publish","type":"page","link":"https:\/\/www.multi-net.ch\/?page_id=529","title":{"rendered":"Space Thruster"},"content":{"rendered":"\n<p>Voici un jeu que j&rsquo;ai cr\u00e9\u00e9 suite \u00e0 un d\u00e9fi personnel que je me suis donn\u00e9. C&rsquo;est \u00e0 dire publier et concevoir en maximum un mois le jeu. Le jeu n&rsquo;a pas \u00e9t\u00e9 modifi\u00e9 suite \u00e0 ce challenge. Le d\u00e9fi consistait \u00e9galement \u00e0 ce limiter, car comme nombreux projet certain ne voient pas le jour car nous ne sommes jamais satisfait du r\u00e9sultat, j&rsquo;ai donc du d\u00e9finir un cadre afin de ne pas repousser la sortie de celui-ci. Le terrain est g\u00e9n\u00e9r\u00e9 al\u00e9atoirement \u00e0 chaque d\u00e9marrage du jeu et le terrain subit des d\u00e9g\u00e2ts si l&rsquo;appareil atterris trop vite.<\/p>\n\n\n\n<p>N&rsquo;h\u00e9sitez pas \u00e0 le <a rel=\"noreferrer noopener\" href=\"https:\/\/play.google.com\/store\/apps\/details?id=ch.multinet.spacelander\" target=\"_blank\">tester<\/a>, fun garanti ! <\/p>\n\n\n\n<figure class=\"wp-block-image size-large\"><img loading=\"lazy\" decoding=\"async\" width=\"714\" height=\"586\" src=\"https:\/\/www.multi-net.ch\/wp-content\/uploads\/image-1.png\" alt=\"\" class=\"wp-image-530\" srcset=\"https:\/\/www.multi-net.ch\/wp-content\/uploads\/image-1.png 714w, https:\/\/www.multi-net.ch\/wp-content\/uploads\/image-1-300x246.png 300w, https:\/\/www.multi-net.ch\/wp-content\/uploads\/image-1-366x300.png 366w\" sizes=\"auto, (max-width: 714px) 100vw, 714px\" \/><\/figure>\n<!--CusAds0-->\n<div style=\"font-size: 0px; height: 0px; line-height: 0px; margin: 0; padding: 0; clear: both;\"><\/div>","protected":false},"excerpt":{"rendered":"<p>Voici un jeu que j&rsquo;ai cr\u00e9\u00e9 suite \u00e0 un d\u00e9fi personnel que je me suis donn\u00e9. C&rsquo;est \u00e0 dire publier et concevoir en maximum un mois le jeu. Le jeu n&rsquo;a pas \u00e9t\u00e9 modifi\u00e9 suite \u00e0 ce challenge. Le d\u00e9fi &hellip; <a href=\"https:\/\/www.multi-net.ch\/?page_id=529\">Continuer la lecture <span class=\"meta-nav\">&rarr;<\/span><\/a><\/p>\n","protected":false},"author":1,"featured_media":0,"parent":0,"menu_order":0,"comment_status":"closed","ping_status":"closed","template":"","meta":{"footnotes":""},"class_list":["post-529","page","type-page","status-publish","hentry"],"_links":{"self":[{"href":"https:\/\/www.multi-net.ch\/index.php?rest_route=\/wp\/v2\/pages\/529","targetHints":{"allow":["GET"]}}],"collection":[{"href":"https:\/\/www.multi-net.ch\/index.php?rest_route=\/wp\/v2\/pages"}],"about":[{"href":"https:\/\/www.multi-net.ch\/index.php?rest_route=\/wp\/v2\/types\/page"}],"author":[{"embeddable":true,"href":"https:\/\/www.multi-net.ch\/index.php?rest_route=\/wp\/v2\/users\/1"}],"replies":[{"embeddable":true,"href":"https:\/\/www.multi-net.ch\/index.php?rest_route=%2Fwp%2Fv2%2Fcomments&post=529"}],"version-history":[{"count":3,"href":"https:\/\/www.multi-net.ch\/index.php?rest_route=\/wp\/v2\/pages\/529\/revisions"}],"predecessor-version":[{"id":548,"href":"https:\/\/www.multi-net.ch\/index.php?rest_route=\/wp\/v2\/pages\/529\/revisions\/548"}],"wp:attachment":[{"href":"https:\/\/www.multi-net.ch\/index.php?rest_route=%2Fwp%2Fv2%2Fmedia&parent=529"}],"curies":[{"name":"wp","href":"https:\/\/api.w.org\/{rel}","templated":true}]}}