{"id":663,"date":"2025-07-21T20:04:20","date_gmt":"2025-07-21T19:04:20","guid":{"rendered":"https:\/\/www.multi-net.ch\/?page_id=663"},"modified":"2025-07-21T20:13:43","modified_gmt":"2025-07-21T19:13:43","slug":"ublock-origin-la-resurrection-anti-pubs","status":"publish","type":"page","link":"https:\/\/www.multi-net.ch\/?page_id=663","title":{"rendered":"uBlock Origin \u2013 La R\u00e9surrection Anti-Pubs"},"content":{"rendered":"\n<p>Dans ce tutoriel, je vais vous montrer comment r\u00e9activer uBlock Origin sur Chrome, malgr\u00e9 les restrictions impos\u00e9es par le nouveau syst\u00e8me Manifest V3.<br>Google a limit\u00e9 certaines fonctionnalit\u00e9s des bloqueurs de publicit\u00e9s, mais il existe toujours des moyens efficaces pour continuer \u00e0 profiter d\u2019une navigation propre et sans pubs intrusives.<br>Suivez les \u00e9tapes ci-dessous pour remettre uBlock Origin en service sur votre navigateur Chrome !<\/p>\n\n\n\n<p><\/p>\n\n\n\n<p>Ouvrez Chrome et tapez <code>chrome:\/\/flags\/<\/code> dans la barre de navigation.<\/p>\n\n\n\n<figure class=\"wp-block-image size-full\"><img loading=\"lazy\" decoding=\"async\" width=\"171\" height=\"47\" src=\"https:\/\/www.multi-net.ch\/wp-content\/uploads\/image-2.png\" alt=\"\" class=\"wp-image-664\"\/><\/figure>\n\n\n\n<p>Activez \u00ab Temporarily unexpire M137 flags \u00bb.<\/p>\n\n\n\n<figure class=\"wp-block-image size-full\"><img loading=\"lazy\" decoding=\"async\" width=\"915\" height=\"105\" src=\"https:\/\/www.multi-net.ch\/wp-content\/uploads\/image-3.png\" alt=\"\" class=\"wp-image-666\" srcset=\"https:\/\/www.multi-net.ch\/wp-content\/uploads\/image-3.png 915w, https:\/\/www.multi-net.ch\/wp-content\/uploads\/image-3-300x34.png 300w, https:\/\/www.multi-net.ch\/wp-content\/uploads\/image-3-768x88.png 768w, https:\/\/www.multi-net.ch\/wp-content\/uploads\/image-3-500x57.png 500w\" sizes=\"auto, (max-width: 915px) 100vw, 915px\" \/><\/figure>\n\n\n\n<p>Red\u00e9marrez Chrome.<\/p>\n\n\n\n<figure class=\"wp-block-image size-full\"><img loading=\"lazy\" decoding=\"async\" width=\"113\" height=\"57\" src=\"https:\/\/www.multi-net.ch\/wp-content\/uploads\/image-4.png\" alt=\"\" class=\"wp-image-667\"\/><\/figure>\n\n\n\n<p>D\u00e9sactivez ces \u00ab flags \u00bb.<\/p>\n\n\n\n<figure class=\"wp-block-image size-full\"><img loading=\"lazy\" decoding=\"async\" width=\"904\" height=\"374\" src=\"https:\/\/www.multi-net.ch\/wp-content\/uploads\/image-5.png\" alt=\"\" class=\"wp-image-668\" srcset=\"https:\/\/www.multi-net.ch\/wp-content\/uploads\/image-5.png 904w, https:\/\/www.multi-net.ch\/wp-content\/uploads\/image-5-300x124.png 300w, https:\/\/www.multi-net.ch\/wp-content\/uploads\/image-5-768x318.png 768w, https:\/\/www.multi-net.ch\/wp-content\/uploads\/image-5-500x207.png 500w\" sizes=\"auto, (max-width: 904px) 100vw, 904px\" \/><\/figure>\n\n\n\n<p>Red\u00e9marrez Chrome.<\/p>\n\n\n\n<figure class=\"wp-block-image size-full\"><img loading=\"lazy\" decoding=\"async\" width=\"113\" height=\"57\" src=\"https:\/\/www.multi-net.ch\/wp-content\/uploads\/image-4.png\" alt=\"\" class=\"wp-image-667\"\/><\/figure>\n\n\n\n<p>Dans les options, choisissez <strong>Extensions -> G\u00e9rer les extensions<\/strong>.<\/p>\n\n\n\n<figure class=\"wp-block-image size-full\"><img loading=\"lazy\" decoding=\"async\" width=\"792\" height=\"513\" src=\"https:\/\/www.multi-net.ch\/wp-content\/uploads\/image-7.png\" alt=\"\" class=\"wp-image-671\" srcset=\"https:\/\/www.multi-net.ch\/wp-content\/uploads\/image-7.png 792w, https:\/\/www.multi-net.ch\/wp-content\/uploads\/image-7-300x194.png 300w, https:\/\/www.multi-net.ch\/wp-content\/uploads\/image-7-768x497.png 768w, https:\/\/www.multi-net.ch\/wp-content\/uploads\/image-7-463x300.png 463w\" sizes=\"auto, (max-width: 792px) 100vw, 792px\" \/><\/figure>\n\n\n\n<p><\/p>\n\n\n\n<p>Activez le mode d\u00e9veloppeur (en haut \u00e0 droite).<\/p>\n\n\n\n<figure class=\"wp-block-image size-full\"><img loading=\"lazy\" decoding=\"async\" width=\"206\" height=\"44\" src=\"https:\/\/www.multi-net.ch\/wp-content\/uploads\/image-8.png\" alt=\"\" class=\"wp-image-672\"\/><\/figure>\n\n\n\n<p>Allez sur la page GitHub de uBlock :<br><a href=\"https:\/\/github.com\/gorhill\/uBlock\/releases\" target=\"_blank\" rel=\"noreferrer noopener\">https:\/\/github.com\/gorhill\/uBlock\/releases<\/a><\/p>\n\n\n\n<p>Choisissez la derni\u00e8re version (not\u00e9e <em>latest<\/em>) et cliquez sur le num\u00e9ro de version.<\/p>\n\n\n\n<figure class=\"wp-block-image size-full\"><img loading=\"lazy\" decoding=\"async\" width=\"212\" height=\"51\" src=\"https:\/\/www.multi-net.ch\/wp-content\/uploads\/image-9.png\" alt=\"\" class=\"wp-image-673\"\/><\/figure>\n\n\n\n<p>Tout en bas de la page, t\u00e9l\u00e9chargez le fichier zip not\u00e9 <em>chromium<\/em> et d\u00e9compressez-le.<\/p>\n\n\n\n<figure class=\"wp-block-image size-full\"><img loading=\"lazy\" decoding=\"async\" width=\"293\" height=\"97\" src=\"https:\/\/www.multi-net.ch\/wp-content\/uploads\/image-10.png\" alt=\"\" class=\"wp-image-674\"\/><\/figure>\n\n\n\n<p>Rendez-vous \u00e0 nouveau dans les extensions, en haut \u00e0 gauche choisissez <strong>Charger l\u2019extension non empaquet\u00e9e<\/strong> et s\u00e9lectionnez le dossier d\u00e9compress\u00e9<\/p>\n\n\n\n<figure class=\"wp-block-image size-full\"><img loading=\"lazy\" decoding=\"async\" width=\"335\" height=\"123\" src=\"https:\/\/www.multi-net.ch\/wp-content\/uploads\/image-11.png\" alt=\"\" class=\"wp-image-675\" srcset=\"https:\/\/www.multi-net.ch\/wp-content\/uploads\/image-11.png 335w, https:\/\/www.multi-net.ch\/wp-content\/uploads\/image-11-300x110.png 300w\" sizes=\"auto, (max-width: 335px) 100vw, 335px\" \/><\/figure>\n\n\n\n<p>Une fois l\u2019extension charg\u00e9e, des erreurs peuvent s\u2019afficher, cliquez sur <strong>Erreurs<\/strong>.<\/p>\n\n\n\n<figure class=\"wp-block-image size-full\"><img loading=\"lazy\" decoding=\"async\" width=\"505\" height=\"309\" src=\"https:\/\/www.multi-net.ch\/wp-content\/uploads\/image-12.png\" alt=\"\" class=\"wp-image-677\" srcset=\"https:\/\/www.multi-net.ch\/wp-content\/uploads\/image-12.png 505w, https:\/\/www.multi-net.ch\/wp-content\/uploads\/image-12-300x184.png 300w, https:\/\/www.multi-net.ch\/wp-content\/uploads\/image-12-490x300.png 490w\" sizes=\"auto, (max-width: 505px) 100vw, 505px\" \/><\/figure>\n\n\n\n<p>Supprimez les erreurs en cliquant sur <strong>Tout effacer<\/strong>.<\/p>\n\n\n\n<figure class=\"wp-block-image size-full\"><img loading=\"lazy\" decoding=\"async\" width=\"141\" height=\"56\" src=\"https:\/\/www.multi-net.ch\/wp-content\/uploads\/image-13.png\" alt=\"\" class=\"wp-image-678\"\/><\/figure>\n\n\n\n<p><\/p>\n\n\n\n<p>Voil\u00e0, fini \u00e0 nouveau les pubs. Enjoy !<\/p>\n<!--CusAds0-->\n<div style=\"font-size: 0px; height: 0px; line-height: 0px; margin: 0; padding: 0; clear: both;\"><\/div>","protected":false},"excerpt":{"rendered":"<p>Dans ce tutoriel, je vais vous montrer comment r\u00e9activer uBlock Origin sur Chrome, malgr\u00e9 les restrictions impos\u00e9es par le nouveau syst\u00e8me Manifest V3.Google a limit\u00e9 certaines fonctionnalit\u00e9s des bloqueurs de publicit\u00e9s, mais il existe toujours des moyens efficaces pour continuer &hellip; <a href=\"https:\/\/www.multi-net.ch\/?page_id=663\">Continuer la lecture <span class=\"meta-nav\">&rarr;<\/span><\/a><\/p>\n","protected":false},"author":1,"featured_media":0,"parent":0,"menu_order":0,"comment_status":"closed","ping_status":"closed","template":"","meta":{"footnotes":""},"class_list":["post-663","page","type-page","status-publish","hentry"],"_links":{"self":[{"href":"https:\/\/www.multi-net.ch\/index.php?rest_route=\/wp\/v2\/pages\/663","targetHints":{"allow":["GET"]}}],"collection":[{"href":"https:\/\/www.multi-net.ch\/index.php?rest_route=\/wp\/v2\/pages"}],"about":[{"href":"https:\/\/www.multi-net.ch\/index.php?rest_route=\/wp\/v2\/types\/page"}],"author":[{"embeddable":true,"href":"https:\/\/www.multi-net.ch\/index.php?rest_route=\/wp\/v2\/users\/1"}],"replies":[{"embeddable":true,"href":"https:\/\/www.multi-net.ch\/index.php?rest_route=%2Fwp%2Fv2%2Fcomments&post=663"}],"version-history":[{"count":6,"href":"https:\/\/www.multi-net.ch\/index.php?rest_route=\/wp\/v2\/pages\/663\/revisions"}],"predecessor-version":[{"id":685,"href":"https:\/\/www.multi-net.ch\/index.php?rest_route=\/wp\/v2\/pages\/663\/revisions\/685"}],"wp:attachment":[{"href":"https:\/\/www.multi-net.ch\/index.php?rest_route=%2Fwp%2Fv2%2Fmedia&parent=663"}],"curies":[{"name":"wp","href":"https:\/\/api.w.org\/{rel}","templated":true}]}}